emainder when 95 is divided by 55?
40
Calculate the remainder when 6913 is divided by 14.
11
Calculate the remainder when 257 is divided by 22.
15
Calculate the remainder when 407 is divided by 78.
17
Calculate the remainder when 119 is divided by 21.
14
Calculate the remainder when 256 is divided by 26.
22
What is the remainder when 15221 is divided by 35?
31
What is the remainder when 54 is divided by 20?
14
What is the remainder when 490 is divided by 189?
112
What is the remainder when 1413 is divided by 59?
56
Calculate the remainder when 81 is divided by 59.
22
Calculate the remainder when 199 is divided by 8.
7
What is the remainder when 503 is divided by 23?
20
What is the remainder when 222 is divided by 23?
15
What is the remainder when 116 is divided by 29?
0
Calculate the remainder when 2233 is divided by 19.
10
What is the remainder when 30 is divided by 11?
8
Calculate the remainder when 589 is divided by 8.
5
Calculate the remainder when 215 is divided by 109.
106
What is the remainder when 65 is divided by 36?
29
Calculate the remainder when 751 is divided by 243.
22
Calculate the remainder when 875 is divided by 119.
42
What is the remainder when 3559 is divided by 198?
193
Calculate the remainder when 14 is divided by 10.
4
Calculate the remainder when 152 is divided by 11.
9
Calculate the remainder when 2674 is divided by 141.
136
What is the remainder when 2220 is divided by 247?
244
Calculate the remainder when 80 is divided by 28.
24
Calculate the remainder when 64 is divided by 4.
0
What is the remainder when 117 is divided by 65?
52
Calculate the remainder when 1882 is divided by 267.
13
Calculate the remainder when 1531 is divided by 488.
67
Calculate the remainder when 791 is divided by 787.
4
What is the remainder when 70 is divided by 6?
4
Calculate the remainder when 1312 is divided by 52.
12
Calculate the remainder when 160 is divided by 36.
16
What is the remainder when 535 is divided by 24?
7
What is the remainder when 1422 is divided by 333?
90
What is the remainder when 17 is divided by 16?
1
What is the remainder when 27 is divided by 12?
3
Calculate the remainder when 363 is divided by 46.
41
What is the remainder when 959 is divided by 239?
3
What is the remainder when 1252 is divided by 114?
112
Calculate the remainder when 219 is divided by 16.
11
What is the remainder when 1849 is divided by 25?
24
Calculate the remainder when 367 is divided by 164.
39
What is the remainder when 36 is divided by 22?
14
What is the remainder when 157 is divided by 22?
3
Calculate the remainder when 187 is divided by 91.
5
What is the remainder when 2820 is divided by 66?
48
What is the remainder when 449 is divided by 218?
13
Calculate the remainder when 2399 is divided by 16.
15
Calculate the remainder when 920 is divided by 71.
68
What is the remainder when 284 is divided by 73?
65
Calculate the remainder when 109 is divided by 16.
13
Calculate the remainder when 46 is divided by 18.
10
What is the remainder when 2642 is divided by 1321?
0
What is the remainder when 1286 is divided by 46?
44
Calculate the remainder when 847 is divided by 415.
17
What is the remainder when 106 is divided by 14?
8
What is the remainder when 181 is divided by 100?
81
What is the remainder when 3131 is divided by 55?
51
What is the remainder when 581 is divided by 195?
191
Calculate the remainder when 244 is divided by 94.
56
What is the remainder when 48 is divided by 26?
22
What is the remainder when 88 is divided by 36?
16
Calculate the remainder when 3965 is divided by 128.
125
What is the remainder when 257 is divided by 26?
23
What is the remainder when 3025 is divided by 94?
17
Calculate the remainder when 53 is divided by 7.
4
What is the remainder when 123 is divided by 45?
33
What is the remainder when 103 is divided by 35?
33
Calculate the remainder when 4347 is divided by 44.
35
What is the remainder when 498 is divided by 166?
0
What is the remainder when 296 is divided by 108?
80
What is the remainder when 1689 is divided by 541?
66
What is the remainder when 15848 is divided by 121?
118
Calculate the remainder when 18473 is divided by 124.
121
Calculate the remainder when 960 is divided by 137.
1
Calculate the remainder when 427 is divided by 12.
7
What is the remainder when 831 is divided by 84?
75
Calculate the remainder when 7294 is divided by 88.
78
What is the remainder when 202 is divided by 15?
7
What is the remainder when 195 is divided by 62?
9
What is the remainder when 554 is divided by 196?
162
Calculate the remainder when 853 is divided by 61.
60
What is the remainder when 1287 is divided by 46?
45
Calculate the remainder when 789 is divided by 6.
3
Calculate the remainder when 92 is divided by 60.
32
Calculate the remainder when 116 is divided by 35.
11
Calculate the remainder when 1262 is divided by 38.
8
What is the remainder when 135 is divided by 65?
5
Calculate the remainder when 26 is divided by 16.
10
Calculate the remainder when 1890 is divided by 11.
9
What is the remainder when 2208 is divided by 11?
8
Calculate the remainder when 127 is divided by 4.
3
What is the remainder when 33 is divided by 22?
11
What is the remainder when 1196 is divided by 100?
96
Calculate the remainder when 153 is divided by 19.
1
What is the remainder when 315 is divided by 25?
15
What is the remainder when 642 is divided by 219?
204
What is the remainder when 837 is divided by 116?
25
What is the remainder when 1995 is divided by 221?
6
Calculate the remainder when 179 is divided by 6.
5
What is the remainder when 93 is divided by 75?
18
What is the remainder when 472 is divided by 32?
24
What is the remainder when 78 is divided by 11?
1
Calculate the remainder when 700 is divided by 151.
96
Calculate the remainder when 755 is divided by 167.
87
Calculate the remainder when 169 is divided by 43.
40
Calculate the remainder when 3918 is divided by 140.
138
Calculate the remainder when 120 is divided by 2.
0
Calculate the remainder when 493 is divided by 128.
109
What is the remainder when 1646 is divided by 545?
11
Calculate the remainder when 2356 is divided by 12.
4
Calculate the remainder when 6015 is divided by 14.
9
Calculate the remainder when 248 is divided by 18.
14
Calculate the remainder when 125 is divided by 4.
1
Calculate the remainder when 712 is divided by 102.
100
Calculate the remainder when 154 is divided by 5.
4
Calculate the remainder when 738 is divided by 37.
35
What is the remainder when 5685 is divided by 237?
234
Calculate the remainder when 11281 is divided by 31.
28
Calculate the remainder when 248 is divided by 86.
76
Calculate the remainder when 201 is divided by 70.
61
What is the remainder when 82 is divided by 23?
13
What is the remainder when 88 is divided by 61?
27
Calculate the remainder when 59 is divided by 26.
7
What is the remainder when 512 is divided by 74?
68
What is the remainder when 146 is divided by 76?
70
What is the remainder when 337 is divided by 30?
7
Calculate the remainder when 731 is divided by 6.
5
Calculate the remainder when 176 is divided by 45.
41
What is the remainder when 234 is divided by 64?
42
Calculate the remainder when 569 is divided by 61.
20
Calculate the remainder when 25 is divided by 4.
1
What is the remainder when 176 is divided by 10?
6
What is the remainder when 508 is divided by 128?
124
What is the remainder when 1285 is divided by 13?
11
What is the remainder when 25 is divided by 3?
1
Calculate the remainder when 736 is divided by 53.
47
What is the remainder when 2844 is divided by 114?
108
Calculate the remainder when 362 is divided by 121.
120
What is the remainder when 22683 is divided by 214?
213
What is the remainder when 511 is divided by 103?
99
Calculate the remainder when 3093 is divided by 1028.
9
Calculate the remainder when 445 is divided by 32.
29
What is the remainder when 1212 is divided by 23?
16
Calculate the remainder when 459 is divided by 77.
74
Calculate the remainder when 137 is divided by 29.
21
Calculate the remainder when 676 is divided by 52.
0
Calculate the remainder when 2535 is divided by 843.
6
What is the remainder when 285 is divided by 76?
57
What is the remainder when 78 is divided by 10?
8
Calculate the rem